198826?
2, 11, 43, 10781
What are the prime factors of 78858?
2, 3, 13, 337
What are the prime factors of 15348549?
3, 43, 2767
List the prime factors of 2924938.
2, 97, 15077
What are the prime factors of 3389191?
13, 53, 4919
What are the prime factors of 4686747?
3, 13, 17, 7069
What are the prime factors of 10172824?
2, 1271603
What are the prime factors of 3578?
2, 1789
List the prime factors of 158364.
2, 3, 53, 83
List the prime factors of 783654.
2, 3, 211, 619
What are the prime factors of 223143?
3, 74381
What are the prime factors of 756051?
3, 252017
List the prime factors of 21559477.
31, 695467
What are the prime factors of 4903633?
7, 17, 89, 463
List the prime factors of 20089844.
2, 5022461
List the prime factors of 15606994.
2, 13, 600269
What are the prime factors of 8307960?
2, 3, 5, 69233
What are the prime factors of 1604798?
2, 13, 61723
What are the prime factors of 7103492?
2, 11, 19, 29, 293
List the prime factors of 3176628.
2, 3, 7, 13, 2909
List the prime factors of 17835366.
2, 3, 313, 9497
List the prime factors of 315887.
11, 13, 47
List the prime factors of 289598.
2, 19, 7621
List the prime factors of 90113.
97, 929
List the prime factors of 14975347.
199, 75253
List the prime factors of 2379302.
2, 1189651
List the prime factors of 706031.
23, 30697
List the prime factors of 589374.
2, 3, 137, 239
What are the prime factors of 11650524?
2, 3, 970877
List the prime factors of 636485.
5, 127297
List the prime factors of 10632728.
2, 1329091
List the prime factors of 159985.
5, 7, 653
What are the prime factors of 3522785?
5, 7, 251, 401
List the prime factors of 229976.
2, 17, 19, 89
What are the prime factors of 6841477?
29, 269, 877
List the prime factors of 7744770.
2, 3, 5, 11, 7823
What are the prime factors of 6806234?
2, 3403117
List the prime factors of 624178.
2, 312089
What are the prime factors of 1228087?
7, 71, 353
What are the prime factors of 118359?
3, 13151
List the prime factors of 2750941.
331, 8311
What are the prime factors of 367124?
2, 91781
List the prime factors of 17826458.
2, 13, 4057
List the prime factors of 4257149.
13, 327473
What are the prime factors of 178959?
3, 11, 17, 29
What are the prime factors of 3131870?
2, 5, 7, 44741
List the prime factors of 17113.
109, 157
What are the prime factors of 917874?
2, 3, 50993
What are the prime factors of 752867?
752867
What are the prime factors of 1180835?
5, 236167
List the prime factors of 8710718.
2, 113, 38543
What are the prime factors of 82837?
82837
List the prime factors of 12360651.
3, 43, 95819
List the prime factors of 5807149.
17, 341597
List the prime factors of 31466817.
3, 3496313
What are the prime factors of 1861963?
1163, 1601
What are the prime factors of 4066397?
1789, 2273
List the prime factors of 9522382.
2, 19, 29, 8641
What are the prime factors of 2951315?
5, 590263
What are the prime factors of 6947802?
2, 3, 128663
What are the prime factors of 1214157?
3, 7, 17, 19, 179
List the prime factors of 2052214.
2, 29, 41, 863
List the prime factors of 10766972.
2, 2691743
List the prime factors of 1044300.
2, 3, 5, 59
What are the prime factors of 13334477?
13, 17, 60337
What are the prime factors of 4185418?
2, 151, 13859
What are the prime factors of 816779?
816779
List the prime factors of 147731.
97, 1523
List the prime factors of 546611.
13, 19, 2213
List the prime factors of 385183.
67, 5749
What are the prime factors of 76515?
3, 5, 5101
List the prime factors of 376924.
2, 17, 23, 241
List the prime factors of 1954474.
2, 401, 2437
List the prime factors of 929795.
5, 185959
List the prime factors of 1104300.
2, 3, 5, 409
What are the prime factors of 5523680?
2, 5, 19, 23, 79
List the prime factors of 13840618.
2, 11, 17, 23, 1609
What are the prime factors of 1377969?
3, 17, 41, 659
What are the prime factors of 22685912?
2, 23, 139, 887
List the prime factors of 100510.
2, 5, 19, 23
What are the prime factors of 98259?
3, 7, 4679
List the prime factors of 2494831.
2494831
List the prime factors of 326864.
2, 31, 659
List the prime factors of 9205444.
2, 2301361
List the prime factors of 1227909.
3, 41, 67, 149
List the prime factors of 48297.
3, 17, 947
What are the prime factors of 290635?
5, 37, 1571
List the prime factors of 177065.
5, 7, 5059
List the prime factors of 4892456.
2, 611557
List the prime factors of 1997563.
59, 33857
What are the prime factors of 443161?
443161
List the prime factors of 31576935.
3, 5, 13, 83, 1951
What are the prime factors of 246494?
2, 37, 3331
List the prime factors of 797068.
2, 199267
What are the prime factors of 42789399?
3, 14263133
What are the prime factors of 3200088?
2, 3, 133337
List the prime factors of 649981.
649981
List the prime factors of 994251.
3, 19, 17443
List the prime factors of 22561645.
5, 19, 31, 47, 163
What are the prime factors of 2463299?
79, 31181
List the prime factors of 15129135.
3, 5, 7, 48029
What are the prime factors of 2703033?
3, 233, 1289
What are the prime factors of 757980?
2, 3, 5, 4211
List the prime factors of 6062573.
11, 551143
List the prime factors of 5103270.
2, 3, 5, 41, 461
What are the prime factors of 23446631?
13, 61, 29567
What are the prime factors of 648542?
2, 97, 3343
List the prime factors of 5999905.
5, 101, 109
List the prime factors of 429333.
3, 143111
List the prime factors of 3767743.
7, 538249
List the prime factors of 14961257.
79, 229, 827
List the prime factors of 4541372.
2, 11, 853
List the prime factors of 215022.
2, 3, 35837
List the prime factors of 151295.
5, 30259
What are the prime factors of 471182?
2, 235591
What are the prime factors of 15779185?
5, 3155837
List the prime factors of 118718.
2, 59359
List the prime factors of 29358081.
3, 3262009
List the prime factors of 566792.
2, 70849
List the prime factors of 2182743.
3, 29, 8363
List the prime factors of 13437781.
7, 59, 32537
What are the prime factors of 1664475?
3, 5, 22193
List the prime factors of 40339.
13, 29, 107
List the prime factors of 15347162.
2, 7673581
What are the prime factors of 1318006?
2, 127, 5189
What are the prime factors of 3560461?
3560461
List the prime factors of 324211.
324211
What are the prime factors of 26009824?
2, 812807
List the prime factors of 14142995.
5, 2828599
What are the prime factors of 1188790?
2, 5, 53, 2243
List the prime factors of 351572.
2, 13, 6761
List the prime factors of 167643.
3, 7, 887
List the prime factors of 12442877.
12442877
List the prime factors of 3590149.
3590149
List the prime factors of 6575019.
3, 11, 59, 307
What are the prime factors of 134631?
3, 7, 2137
What are the prime factors of 17652734?
2, 11, 337, 2381
List the prime factors of 4800791.
443, 10837
List the prime factors of 18227334.
2, 3, 3037889
List the prime factors of 717339.
3, 7, 34159
List the prime factors of 343732.
2, 85933
What are the prime factors of 527482?
2, 23, 11467
What are the prime factors of 2132168?
2, 266521
List the prime factors of 131823.
3, 97, 151
List the prime factors of 21747.
3, 11, 659
List the prime factors of 14653001.
11, 23, 57917
What are the prime factors of 40741?
131, 311
List the prime factors of 375701.
157, 2393
List the prime factors of 845186.
2, 109, 3877
What are the prime factors of 47375?
5, 379
List the prime factors of 3156455.
5, 631291
List the prime factors of 22530989.
13, 53, 617
What are the prime factors of 15321754?
2, 7, 1094411
List the prime factors of 8364843.
3, 59, 89
List the prime factors of 491717.
23, 21379
List the prime factors of 198093.
3, 7, 9433
What are the prime factors of 14607614?
2, 7, 1043401
What are the prime factors of 766210?
2, 5, 193, 397
What are the prime factors of 12931056?
2, 3, 37, 809
List the prime factors of 225019.
43, 5233
List the prime factors of 2521286.
2, 1260643
What are the prime factors of 11769738?
2, 3, 1961623
List the prime factors of 1655718.
2, 3, 107, 2579
What are the prime factors of 384352?
2, 12011
What are the prime factors of 1768731?
3, 17, 79, 439
What are the prime factors of 174831?
3, 101, 577
What are the prime factors of 5268057?
3, 1153, 1523
What are the prime factors of 7688591?
7688591
What are the prime factors of 24401363?
7, 10163
List the prime factors of 2524984